{"id":592,"date":"2023-12-07T16:37:54","date_gmt":"2023-12-07T15:37:54","guid":{"rendered":"https:\/\/floriemarie.fr\/?page_id=592"},"modified":"2025-02-25T11:35:58","modified_gmt":"2025-02-25T10:35:58","slug":"mentions-legales","status":"publish","type":"page","link":"https:\/\/floriemarie.fr\/index.php\/mentions-legales\/","title":{"rendered":"Mentions l\u00e9gales"},"content":{"rendered":"\n<p>Le site floriemarie.fr est \u00e9dit\u00e9 par Florie MARIE, personne physique r\u00e9sidant \u00e0 Juvisy-sur-Orge (91). <\/p>\n\n\n\n<h2 class=\"wp-block-heading\">Contact<\/h2>\n\n\n\n<p>contact@floriemarie.fr<\/p>\n\n\n\n<h2 class=\"wp-block-heading\">H\u00e9bergement <\/h2>\n\n\n\n<p>OVH &#8211; 2 rue Kellermann &#8211; 59100 Roubaix &#8211; France<\/p>\n\n\n\n<h2 class=\"wp-block-heading\">Cr\u00e9dits <\/h2>\n\n\n\n<p>Visuels Youtube et habillage de la chaine Twitch : Lyne Hehlen &#8211; Ly Boo <a href=\"https:\/\/www.ly-boo.com\/\">https:\/\/www.ly-boo.com\/<\/a><\/p>\n\n\n\n<h2 class=\"wp-block-heading\">Objectif et qualit\u00e9 des contenus<\/h2>\n\n\n\n<p>Ce site rassemble toutes les publications et contributions au d\u00e9bat public de Florie MARIE.<\/p>\n\n\n\n<h2 class=\"wp-block-heading\">R\u00e9utilisation des contenus<\/h2>\n\n\n\n<p>Sauf mention contraire ou accord explicite avec l&rsquo;\u00e9ditrice, la r\u00e9utilisation des contenus de floriemarie.fr est soumise au droit d&rsquo;auteur.<\/p>\n\n\n\n<p><\/p>\n","protected":false},"excerpt":{"rendered":"<p>Le site floriemarie.fr est \u00e9dit\u00e9 par Florie MARIE, personne physique r\u00e9sidant \u00e0 Juvisy-sur-Orge (91). Contact contact@floriemarie.fr H\u00e9bergement OVH &#8211; 2 rue Kellermann &#8211; 59100 Roubaix &#8211; France Cr\u00e9dits Visuels Youtube et habillage de la chaine Twitch : Lyne Hehlen &#8211; Ly Boo https:\/\/www.ly-boo.com\/ Objectif et qualit\u00e9 des contenus Ce site rassemble toutes les publications et [&hellip;]<\/p>\n","protected":false},"author":1,"featured_media":0,"parent":0,"menu_order":0,"comment_status":"closed","ping_status":"closed","template":"","meta":{"footnotes":""},"class_list":["post-592","page","type-page","status-publish","hentry"],"_links":{"self":[{"href":"https:\/\/floriemarie.fr\/index.php\/wp-json\/wp\/v2\/pages\/592","targetHints":{"allow":["GET"]}}],"collection":[{"href":"https:\/\/floriemarie.fr\/index.php\/wp-json\/wp\/v2\/pages"}],"about":[{"href":"https:\/\/floriemarie.fr\/index.php\/wp-json\/wp\/v2\/types\/page"}],"author":[{"embeddable":true,"href":"https:\/\/floriemarie.fr\/index.php\/wp-json\/wp\/v2\/users\/1"}],"replies":[{"embeddable":true,"href":"https:\/\/floriemarie.fr\/index.php\/wp-json\/wp\/v2\/comments?post=592"}],"version-history":[{"count":4,"href":"https:\/\/floriemarie.fr\/index.php\/wp-json\/wp\/v2\/pages\/592\/revisions"}],"predecessor-version":[{"id":1307,"href":"https:\/\/floriemarie.fr\/index.php\/wp-json\/wp\/v2\/pages\/592\/revisions\/1307"}],"wp:attachment":[{"href":"https:\/\/floriemarie.fr\/index.php\/wp-json\/wp\/v2\/media?parent=592"}],"curies":[{"name":"wp","href":"https:\/\/api.w.org\/{rel}","templated":true}]}}